{"id":456,"date":"2014-05-15T11:56:19","date_gmt":"2014-05-15T09:56:19","guid":{"rendered":"http:\/\/www.termoker.hu\/?page_id=456"},"modified":"2022-08-04T11:10:08","modified_gmt":"2022-08-04T09:10:08","slug":"puffertartalyok","status":"publish","type":"page","link":"http:\/\/www.termoker.hu\/?page_id=456","title":{"rendered":"Puffertart\u00e1lyok"},"content":{"rendered":"<p><strong><span style=\"color: #ff0000;\">A puffertart\u00e1lyok 3mm vastag lemezb\u0151l k\u00e9sz\u00fclnek.<\/span><\/strong><\/p>\n<table style=\"width: 471.8px;\" border=\"0\">\n<tbody>\n<tr>\n<td style=\"width: 456.8px;\"><a href=\"http:\/\/www.termoker.hu\/wp-content\/uploads\/2014\/05\/kazi-totya-300-literes-puffertartaly-2-hocserelovel-szigetelessel-ar_n1.jpg\"><img decoding=\"async\" loading=\"lazy\" class=\"aligncenter\" src=\"http:\/\/www.termoker.hu\/wp-content\/uploads\/2014\/05\/kazi-totya-300-literes-puffertartaly-2-hocserelovel-szigetelessel-ar_n1-166x300.jpg\" alt=\"kazi-totya-300-literes-puffertartaly-2-hocserelovel-szigetelessel-ar_n\" width=\"111\" height=\"200\"><\/a><\/td>\n<\/tr>\n<tr>\n<td style=\"width: 456.8px; text-align: center;\">PUFFERTART\u00c1LY<\/td>\n<\/tr>\n<\/tbody>\n<\/table>\n<p>&nbsp;<\/p>\n<table border=\"0\">\n<tbody>\n<tr>\n<td>A puffertart\u00e1lyok k\u00e9rhet\u0151ek:<\/td>\n<\/tr>\n<tr>\n<td>&#8211; h\u0151cser\u00e9l\u0151 n\u00e9lk\u00fcl<\/td>\n<\/tr>\n<tr>\n<td>&#8211; 1 h\u0151cser\u00e9l\u0151vel<\/td>\n<\/tr>\n<tr>\n<td>&#8211; 2 h\u0151cser\u00e9l\u0151vel<\/td>\n<\/tr>\n<tr>\n<td>&nbsp;<\/td>\n<\/tr>\n<tr>\n<td>A v\u00e1laszthat\u00f3 m\u00e9retek a k\u00f6vetkez\u0151ek:<\/td>\n<\/tr>\n<tr>\n<td>&#8211; 300 L-es<\/td>\n<\/tr>\n<tr>\n<td>&#8211; 500 L-es<\/td>\n<\/tr>\n<tr>\n<td>&#8211; 750 L-es<\/td>\n<\/tr>\n<tr>\n<td>&#8211; 930 L-es<\/td>\n<\/tr>\n<tr>\n<td>&#8211; 1000 L-es<\/td>\n<\/tr>\n<tr>\n<td>&#8211; 1500 L-es<\/td>\n<\/tr>\n<tr>\n<td>&#8211; 2000 L-es<\/td>\n<\/tr>\n<tr>\n<td>&#8211; 3000 L-es<\/td>\n<\/tr>\n<\/tbody>\n<\/table>\n<p><strong>Minden puffertart\u00e1ly k\u00e9rhet\u0151 szigetelt \u00e9s szigetel\u00e9s n\u00e9lk\u00fcli kivitelben is!<\/strong><\/p>\n","protected":false},"excerpt":{"rendered":"<p>A puffertart\u00e1lyok 3mm vastag lemezb\u0151l k\u00e9sz\u00fclnek. PUFFERTART\u00c1LY &nbsp; A puffertart\u00e1lyok k\u00e9rhet\u0151ek: &#8211; h\u0151cser\u00e9l\u0151 n\u00e9lk\u00fcl &#8211; 1 h\u0151cser\u00e9l\u0151vel &#8211; 2 h\u0151cser\u00e9l\u0151vel &nbsp; A v\u00e1laszthat\u00f3 m\u00e9retek a k\u00f6vetkez\u0151ek: &#8211; 300 L-es &#8211; 500 L-es &#8211; 750 L-es &#8211; 930 L-es &#8211; 1000 L-es &#8211; 1500 L-es &#8211; 2000 L-es &#8211; 3000 L-es Minden puffertart\u00e1ly k\u00e9rhet\u0151 szigetelt \u00e9s &hellip; <a href=\"http:\/\/www.termoker.hu\/?page_id=456\" class=\"more-link\"><span class=\"screen-reader-text\">Puffertart\u00e1lyok<\/span> b\u0151vebben&#8230; <span class=\"meta-nav\">&rarr;<\/span><\/a><\/p>\n","protected":false},"author":2,"featured_media":0,"parent":0,"menu_order":0,"comment_status":"closed","ping_status":"open","template":"","meta":{"ngg_post_thumbnail":0,"footnotes":""},"_links":{"self":[{"href":"http:\/\/www.termoker.hu\/index.php?rest_route=\/wp\/v2\/pages\/456"}],"collection":[{"href":"http:\/\/www.termoker.hu\/index.php?rest_route=\/wp\/v2\/pages"}],"about":[{"href":"http:\/\/www.termoker.hu\/index.php?rest_route=\/wp\/v2\/types\/page"}],"author":[{"embeddable":true,"href":"http:\/\/www.termoker.hu\/index.php?rest_route=\/wp\/v2\/users\/2"}],"replies":[{"embeddable":true,"href":"http:\/\/www.termoker.hu\/index.php?rest_route=%2Fwp%2Fv2%2Fcomments&post=456"}],"version-history":[{"count":11,"href":"http:\/\/www.termoker.hu\/index.php?rest_route=\/wp\/v2\/pages\/456\/revisions"}],"predecessor-version":[{"id":1305,"href":"http:\/\/www.termoker.hu\/index.php?rest_route=\/wp\/v2\/pages\/456\/revisions\/1305"}],"wp:attachment":[{"href":"http:\/\/www.termoker.hu\/index.php?rest_route=%2Fwp%2Fv2%2Fmedia&parent=456"}],"curies":[{"name":"wp","href":"https:\/\/api.w.org\/{rel}","templated":true}]}}